{"id":3,"date":"2025-02-20T12:00:54","date_gmt":"2025-02-20T11:00:54","guid":{"rendered":"http:\/\/echodesmots\/?page_id=3"},"modified":"2025-06-25T11:51:53","modified_gmt":"2025-06-25T09:51:53","slug":"mentions-legales","status":"publish","type":"page","link":"https:\/\/festivalechodesmots.fr\/index.php\/mentions-legales\/","title":{"rendered":"Mentions L\u00e9gales"},"content":{"rendered":"\t\t<div data-elementor-type=\"wp-page\" data-elementor-id=\"3\" class=\"elementor elementor-3\">\n\t\t\t\t<div class=\"elementor-element elementor-element-36a3cc8b e-flex e-con-boxed e-con e-parent\" data-id=\"36a3cc8b\" data-element_type=\"container\" data-e-type=\"container\">\n\t\t\t\t\t<div class=\"e-con-inner\">\n\t\t\t\t<div class=\"elementor-element elementor-element-3d2262ea elementor-widget elementor-widget-text-editor\" data-id=\"3d2262ea\" data-element_type=\"widget\" data-e-type=\"widget\" data-widget_type=\"text-editor.default\">\n\t\t\t\t<div class=\"elementor-widget-container\">\n\t\t\t\t\t\t\t\t\t<p style=\"text-align: justify;\"><span style=\"color: #ff6600;\">Article 1<\/span>. Identification<br \/>Editeur : Festival Echo des mots \u2013 Office de tourisme de Pont du Foss\u00e9 \u2013 05260 St Jean St Nicolas \u2013 France<br \/>R\u00e9alisation : Mairie de Saint-Jean-Saint-Nicolas \u2013 Chemin des Olliviers \u2013 05260 Chabottes<br \/>H\u00e9bergeur : OVH<\/p><p style=\"text-align: justify;\"><span style=\"color: #ff6600;\">Article 2<\/span>. Donn\u00e9es personnelles<br \/>Soucieux du respect de votre vie priv\u00e9e, le Festival Echo des mots s\u2019engage \u00e0 ce que la collecte et le traitement de ces informations soient effectu\u00e9s conform\u00e9ment \u00e0 la loi n\u00b0 78-17 du 6 janvier 1978 relative \u00e0 l\u2019informatique, aux fichiers et aux libert\u00e9s, telle que modifi\u00e9e.<br \/>Droits sur vos donn\u00e9es personnelles :<br \/>Vous disposez d\u2019un droit d\u2019acc\u00e8s, de modification, de rectification et de suppression des informations qui vous concernent.<br \/>Vous disposez \u00e9galement d\u2019un droit d\u2019opposition quant \u00e0 la diffusion de vos donn\u00e9es \u00e0 des partenaires commerciaux.<br \/>Pour exercer ces droits, il vous suffit de nous adresser un courrier \u00e0 l\u2019adresse suivante :<br \/>Festival Echo des mots \u2013 Mairie de Pont du Foss\u00e9 \u2013 05260 St Jean St Nicolas \u2013 France<\/p><p style=\"text-align: justify;\"><span style=\"color: #ff6600;\">Article 3<\/span>. Cookies<br \/>Afin de r\u00e9pondre au mieux \u00e0 vos besoins, le Festival L&rsquo;\u00e9cho des mots est susceptible d\u2019avoir recours \u00e0 la technologie des \u00ab cookies \u00bb.<br \/>Le cookie est un petit fichier informatique envoy\u00e9 par l\u2019\u00e9diteur d\u2019un site \u00e0 son internaute, qui contient diverses informations relatives au passage de l\u2019internaute sur le site (pages consult\u00e9es, date et heure de la consultation). Il ne peut pas endommager les donn\u00e9es pr\u00e9sentes sur le micro ordinateur de l\u2019internaute.<br \/>Vous pouvez configurer votre navigateur pour emp\u00eacher l\u2019enregistrement de ces cookies sur votre ordinateur, en d\u00e9sactivant cette fonction dans votre logiciel de navigation.<\/p><p style=\"text-align: justify;\"><span style=\"color: #ff6600;\">Article 4<\/span>. Propri\u00e9t\u00e9 intellectuelle<br \/>L\u2019ensemble des contenus diffus\u00e9s sur ce site (image, vid\u00e9o, son, texte\u2026) sont prot\u00e9g\u00e9s par la l\u00e9gislation en vigueur en France en mati\u00e8re de propri\u00e9t\u00e9 intellectuelle et notamment, le droit d\u2019auteur, les droits voisins, le droit des marques.<br \/>Tous les droits de reproduction sont r\u00e9serv\u00e9s, y compris pour les documents t\u00e9l\u00e9chargeables et les repr\u00e9sentations iconographiques et photographiques.<br \/>A d\u00e9faut d\u2019autorisation expresse le Festival L&rsquo;\u00e9cho des mots, il est strictement interdit d\u2019exploiter ces contenus et notamment de les reproduire, repr\u00e9senter, modifier ou adapter en tout ou partie.<\/p><p style=\"text-align: justify;\"><span style=\"color: #ff6600;\">Article 5<\/span>. Divers<br \/>le Festival L&rsquo;\u00e9cho des mots reste \u00e0 votre disposition pour vous communiquer toute information compl\u00e9mentaire que vous pourriez souhaiter concernant notre politique en mati\u00e8re de protection des donn\u00e9es personnelles. Il vous suffit de nous envoyer un e-mail \u00e0 l\u2019adresse suivante : <a href=\"mailto:contact@festivalechodesmots.fr\">contact@festivalechodesmots.fr<\/a><br \/>Nous nous efforcerons de vous r\u00e9pondre dans les meilleurs d\u00e9lais.<\/p><p style=\"text-align: justify;\"><span style=\"color: #ff6600;\">Article 6<\/span>. Cr\u00e9dits photos<br \/>Pour le site : Bertrand Bodin, Collectif photos ASCR, Ga\u00ebtan Th\u00e9veniaud.<\/p><p>Pour les compagnies :<\/p><p>\u00a9Jacques Olivier Badia \u00a9Brigitte Designolle \u00a9Jacques Debiesse \u00a9Tkx photography \u00a9Les Fr\u00e8res Jacquard \u00a9Vincent Vanhecke \u00a9Hind Aliliche \u00a9Caroline Bazin \u00a9Danica Bijeljac \u00a9Jacques Olivier Badia \u00a9Max Avron \u00a9Fabrice Arbonnier \u00a9Olivier Sessa \u00a9Marc-Antoine Ollivier \u00a9Kalimba Mend\u00e9s \u00a9Cie Valkyrira \u00a9Daniele Touret Feintrenie \u00a9Laurence Fragnol \u00a9Bernhard Stalbauer \u00a9Michel Koebel \u00a9Claudine Julien \u00a9Chloe Lebert \u00a9Cie Chabraque \u00a9Didier Goudal \u00a9Lilian Ginet \u00a9Cie Bardaf \u00a9R. P\u00e9li \u00a9Denis Lebioda \u00a9Champsaur Ludik \u00a9Et apr\u00e8s tout \u00a9Ludambule \u00a9Mairie de St-jean-St-Nicolas \u00a9Samuel Baccou \u00a9Jonas Bonus \u00a9Cie des quatre vents \u00a9Palace paillettes \u00a9Festijeux \u00a9Plan\u00e8te Champsaur \u00a9Les bambin des bois \u00a9Atelier Amarine \u00a9La Citole \u00a9Atelier Guelpa \u00a9Green Wheel Events \u00a9Laurent Sastre \u00a9La berg\u00e8re des \u00e9toiles \u00a9Au coin du bois \u00a9Olivier Ariey-Jouglard \u00a9Les animalices \u00a9Nenette Origami \u00a9Marie-Cl\u00e9mentine Mar\u00e8s \u00a9Mus\u00e9e du moulin &amp; Ecole d\u2019autrefois \u00a9Parc National des Ecrins \u00a9T\u2019es rien sans la terre @Bruno Lavit<\/p>\t\t\t\t\t\t\t\t<\/div>\n\t\t\t\t<\/div>\n\t\t\t\t\t<\/div>\n\t\t\t\t<\/div>\n\t\t\t\t<\/div>\n\t\t","protected":false},"excerpt":{"rendered":"<p>Article 1. IdentificationEditeur : Festival Echo des mots \u2013 Office de tourisme de Pont du Foss\u00e9 \u2013 05260 St Jean St Nicolas \u2013 FranceR\u00e9alisation : Mairie de Saint-Jean-Saint-Nicolas \u2013 Chemin&#8230;<\/p>\n","protected":false},"author":1,"featured_media":0,"parent":0,"menu_order":0,"comment_status":"closed","ping_status":"closed","template":"","meta":{"_EventAllDay":false,"_EventTimezone":"","_EventStartDate":"","_EventEndDate":"","_EventStartDateUTC":"","_EventEndDateUTC":"","_EventShowMap":false,"_EventShowMapLink":false,"_EventURL":"","_EventCost":"","_EventCostDescription":"","_EventCurrencySymbol":"","_EventCurrencyCode":"","_EventCurrencyPosition":"","_EventDateTimeSeparator":"","_EventTimeRangeSeparator":"","_EventOrganizerID":[],"_EventVenueID":[],"_OrganizerEmail":"","_OrganizerPhone":"","_OrganizerWebsite":"","_VenueAddress":"","_VenueCity":"","_VenueCountry":"","_VenueProvince":"","_VenueState":"","_VenueZip":"","_VenuePhone":"","_VenueURL":"","_VenueStateProvince":"","_VenueLat":"","_VenueLng":"","_VenueShowMap":false,"_VenueShowMapLink":false,"_themeisle_gutenberg_block_has_review":false,"_kad_post_transparent":"","_kad_post_title":"","_kad_post_layout":"","_kad_post_sidebar_id":"","_kad_post_content_style":"","_kad_post_vertical_padding":"","_kad_post_feature":"","_kad_post_feature_position":"","_kad_post_header":false,"_kad_post_footer":false,"_kad_post_classname":"","footnotes":""},"class_list":["post-3","page","type-page","status-publish","hentry"],"yoast_head":"<!-- This site is optimized with the Yoast SEO plugin v27.5 - https:\/\/yoast.com\/product\/yoast-seo-wordpress\/ -->\n<title>Mentions L\u00e9gales - Festival Echo des Mots<\/title>\n<meta name=\"robots\" content=\"index, follow, max-snippet:-1, max-image-preview:large, max-video-preview:-1\" \/>\n<link rel=\"canonical\" href=\"https:\/\/festivalechodesmots.fr\/index.php\/mentions-legales\/\" \/>\n<meta property=\"og:locale\" content=\"fr_FR\" \/>\n<meta property=\"og:type\" content=\"article\" \/>\n<meta property=\"og:title\" content=\"Mentions L\u00e9gales - Festival Echo des Mots\" \/>\n<meta property=\"og:description\" content=\"Article 1. IdentificationEditeur : Festival Echo des mots \u2013 Office de tourisme de Pont du Foss\u00e9 \u2013 05260 St Jean St Nicolas \u2013 FranceR\u00e9alisation : Mairie de Saint-Jean-Saint-Nicolas \u2013 Chemin...\" \/>\n<meta property=\"og:url\" content=\"https:\/\/festivalechodesmots.fr\/index.php\/mentions-legales\/\" \/>\n<meta property=\"og:site_name\" content=\"Festival Echo des Mots\" \/>\n<meta property=\"article:modified_time\" content=\"2025-06-25T09:51:53+00:00\" \/>\n<meta name=\"twitter:card\" content=\"summary_large_image\" \/>\n<meta name=\"twitter:label1\" content=\"Dur\u00e9e de lecture estim\u00e9e\" \/>\n\t<meta name=\"twitter:data1\" content=\"3 minutes\" \/>\n<script type=\"application\/ld+json\" class=\"yoast-schema-graph\">{\"@context\":\"https:\\\/\\\/schema.org\",\"@graph\":[{\"@type\":\"WebPage\",\"@id\":\"https:\\\/\\\/festivalechodesmots.fr\\\/index.php\\\/mentions-legales\\\/\",\"url\":\"https:\\\/\\\/festivalechodesmots.fr\\\/index.php\\\/mentions-legales\\\/\",\"name\":\"Mentions L\u00e9gales - Festival Echo des Mots\",\"isPartOf\":{\"@id\":\"https:\\\/\\\/festivalechodesmots.fr\\\/#website\"},\"datePublished\":\"2025-02-20T11:00:54+00:00\",\"dateModified\":\"2025-06-25T09:51:53+00:00\",\"breadcrumb\":{\"@id\":\"https:\\\/\\\/festivalechodesmots.fr\\\/index.php\\\/mentions-legales\\\/#breadcrumb\"},\"inLanguage\":\"fr-FR\",\"potentialAction\":[{\"@type\":\"ReadAction\",\"target\":[\"https:\\\/\\\/festivalechodesmots.fr\\\/index.php\\\/mentions-legales\\\/\"]}]},{\"@type\":\"BreadcrumbList\",\"@id\":\"https:\\\/\\\/festivalechodesmots.fr\\\/index.php\\\/mentions-legales\\\/#breadcrumb\",\"itemListElement\":[{\"@type\":\"ListItem\",\"position\":1,\"name\":\"Accueil\",\"item\":\"https:\\\/\\\/festivalechodesmots.fr\\\/\"},{\"@type\":\"ListItem\",\"position\":2,\"name\":\"Mentions L\u00e9gales\"}]},{\"@type\":\"WebSite\",\"@id\":\"https:\\\/\\\/festivalechodesmots.fr\\\/#website\",\"url\":\"https:\\\/\\\/festivalechodesmots.fr\\\/\",\"name\":\"Festival Echo des Mots\",\"description\":\"\",\"publisher\":{\"@id\":\"https:\\\/\\\/festivalechodesmots.fr\\\/#organization\"},\"potentialAction\":[{\"@type\":\"SearchAction\",\"target\":{\"@type\":\"EntryPoint\",\"urlTemplate\":\"https:\\\/\\\/festivalechodesmots.fr\\\/?s={search_term_string}\"},\"query-input\":{\"@type\":\"PropertyValueSpecification\",\"valueRequired\":true,\"valueName\":\"search_term_string\"}}],\"inLanguage\":\"fr-FR\"},{\"@type\":\"Organization\",\"@id\":\"https:\\\/\\\/festivalechodesmots.fr\\\/#organization\",\"name\":\"Festival Echo des Mots\",\"url\":\"https:\\\/\\\/festivalechodesmots.fr\\\/\",\"logo\":{\"@type\":\"ImageObject\",\"inLanguage\":\"fr-FR\",\"@id\":\"https:\\\/\\\/festivalechodesmots.fr\\\/#\\\/schema\\\/logo\\\/image\\\/\",\"url\":\"https:\\\/\\\/festivalechodesmots.fr\\\/wp-content\\\/uploads\\\/2025\\\/03\\\/cropped-Logo_Echo_Des_Mots_OK_RVB.png\",\"contentUrl\":\"https:\\\/\\\/festivalechodesmots.fr\\\/wp-content\\\/uploads\\\/2025\\\/03\\\/cropped-Logo_Echo_Des_Mots_OK_RVB.png\",\"width\":512,\"height\":512,\"caption\":\"Festival Echo des Mots\"},\"image\":{\"@id\":\"https:\\\/\\\/festivalechodesmots.fr\\\/#\\\/schema\\\/logo\\\/image\\\/\"}}]}<\/script>\n<!-- \/ Yoast SEO plugin. -->","yoast_head_json":{"title":"Mentions L\u00e9gales - Festival Echo des Mots","robots":{"index":"index","follow":"follow","max-snippet":"max-snippet:-1","max-image-preview":"max-image-preview:large","max-video-preview":"max-video-preview:-1"},"canonical":"https:\/\/festivalechodesmots.fr\/index.php\/mentions-legales\/","og_locale":"fr_FR","og_type":"article","og_title":"Mentions L\u00e9gales - Festival Echo des Mots","og_description":"Article 1. IdentificationEditeur : Festival Echo des mots \u2013 Office de tourisme de Pont du Foss\u00e9 \u2013 05260 St Jean St Nicolas \u2013 FranceR\u00e9alisation : Mairie de Saint-Jean-Saint-Nicolas \u2013 Chemin...","og_url":"https:\/\/festivalechodesmots.fr\/index.php\/mentions-legales\/","og_site_name":"Festival Echo des Mots","article_modified_time":"2025-06-25T09:51:53+00:00","twitter_card":"summary_large_image","twitter_misc":{"Dur\u00e9e de lecture estim\u00e9e":"3 minutes"},"schema":{"@context":"https:\/\/schema.org","@graph":[{"@type":"WebPage","@id":"https:\/\/festivalechodesmots.fr\/index.php\/mentions-legales\/","url":"https:\/\/festivalechodesmots.fr\/index.php\/mentions-legales\/","name":"Mentions L\u00e9gales - Festival Echo des Mots","isPartOf":{"@id":"https:\/\/festivalechodesmots.fr\/#website"},"datePublished":"2025-02-20T11:00:54+00:00","dateModified":"2025-06-25T09:51:53+00:00","breadcrumb":{"@id":"https:\/\/festivalechodesmots.fr\/index.php\/mentions-legales\/#breadcrumb"},"inLanguage":"fr-FR","potentialAction":[{"@type":"ReadAction","target":["https:\/\/festivalechodesmots.fr\/index.php\/mentions-legales\/"]}]},{"@type":"BreadcrumbList","@id":"https:\/\/festivalechodesmots.fr\/index.php\/mentions-legales\/#breadcrumb","itemListElement":[{"@type":"ListItem","position":1,"name":"Accueil","item":"https:\/\/festivalechodesmots.fr\/"},{"@type":"ListItem","position":2,"name":"Mentions L\u00e9gales"}]},{"@type":"WebSite","@id":"https:\/\/festivalechodesmots.fr\/#website","url":"https:\/\/festivalechodesmots.fr\/","name":"Festival Echo des Mots","description":"","publisher":{"@id":"https:\/\/festivalechodesmots.fr\/#organization"},"potentialAction":[{"@type":"SearchAction","target":{"@type":"EntryPoint","urlTemplate":"https:\/\/festivalechodesmots.fr\/?s={search_term_string}"},"query-input":{"@type":"PropertyValueSpecification","valueRequired":true,"valueName":"search_term_string"}}],"inLanguage":"fr-FR"},{"@type":"Organization","@id":"https:\/\/festivalechodesmots.fr\/#organization","name":"Festival Echo des Mots","url":"https:\/\/festivalechodesmots.fr\/","logo":{"@type":"ImageObject","inLanguage":"fr-FR","@id":"https:\/\/festivalechodesmots.fr\/#\/schema\/logo\/image\/","url":"https:\/\/festivalechodesmots.fr\/wp-content\/uploads\/2025\/03\/cropped-Logo_Echo_Des_Mots_OK_RVB.png","contentUrl":"https:\/\/festivalechodesmots.fr\/wp-content\/uploads\/2025\/03\/cropped-Logo_Echo_Des_Mots_OK_RVB.png","width":512,"height":512,"caption":"Festival Echo des Mots"},"image":{"@id":"https:\/\/festivalechodesmots.fr\/#\/schema\/logo\/image\/"}}]}},"_links":{"self":[{"href":"https:\/\/festivalechodesmots.fr\/index.php\/wp-json\/wp\/v2\/pages\/3","targetHints":{"allow":["GET"]}}],"collection":[{"href":"https:\/\/festivalechodesmots.fr\/index.php\/wp-json\/wp\/v2\/pages"}],"about":[{"href":"https:\/\/festivalechodesmots.fr\/index.php\/wp-json\/wp\/v2\/types\/page"}],"author":[{"embeddable":true,"href":"https:\/\/festivalechodesmots.fr\/index.php\/wp-json\/wp\/v2\/users\/1"}],"replies":[{"embeddable":true,"href":"https:\/\/festivalechodesmots.fr\/index.php\/wp-json\/wp\/v2\/comments?post=3"}],"version-history":[{"count":13,"href":"https:\/\/festivalechodesmots.fr\/index.php\/wp-json\/wp\/v2\/pages\/3\/revisions"}],"predecessor-version":[{"id":1106,"href":"https:\/\/festivalechodesmots.fr\/index.php\/wp-json\/wp\/v2\/pages\/3\/revisions\/1106"}],"wp:attachment":[{"href":"https:\/\/festivalechodesmots.fr\/index.php\/wp-json\/wp\/v2\/media?parent=3"}],"curies":[{"name":"wp","href":"https:\/\/api.w.org\/{rel}","templated":true}]}}